{"id":2,"date":"2013-07-16T07:14:26","date_gmt":"2013-07-16T05:14:26","guid":{"rendered":"http:\/\/karate1.instantweb.si\/?page_id=2"},"modified":"2023-08-23T18:08:43","modified_gmt":"2023-08-23T16:08:43","slug":"zgodovina-kluba","status":"publish","type":"page","link":"http:\/\/karatedrustvoloce.si\/index.php\/zgodovina-kluba\/","title":{"rendered":"Zgodovina dru\u0161tva"},"content":{"rendered":"<p>Prvi, ki je karate predstavil v Lo\u010dah je bil tedanji trener karate kluba Slovenske Konjice gospod&nbsp; Danilo Krajnc leta 1995, z namenom, da si \u0161e v karate klubu Slovenske Konjice pripelje nove \u010dlane iz Lo\u010d in okolice.&nbsp;<!--more-->V Slovenskih Konjicah je bi takrat uspe\u0161en klub z dobrimi tekmovalci, ki so prihajali ve\u010dinoma iz okolice takratne ob\u010dine Slovenske Konjice.&nbsp; Zadnji ki so zastopali na tekmovanjih&nbsp; karate klub Slovenske Konjice so bili prav \u010dlani, ki so prihajali iz Lo\u010d. Andrej Kolar, Nejc Gumzej , Primo\u017e \u0160rot, Ale\u0161 Leskovar, Tim Konec, Mateja Krajnc,&nbsp; katja Kopin\u0161ek&#8230; Sprva so veliko nastopali v slovenski krate zvezi Tradicionalnega karateja \u00bbS.K.I.F.\u00ab, zatem pa tudi v Karate zvezi Slovenije. Vsi so tekmovali&nbsp; uspe\u0161no v borbah. Najve\u010d lovorik pa je iz tekmovanj pobral Nejc Gumzej, ki je v svoji tekmovalni sezoni 2000 do 2003 veljal za enega bolj\u0161ih tekmovalcev v kadetski in zatem v mladinski kategoriji- borbe v Sloveniji. Najbolj pa je ostal zvest temu \u0161portu Andrej Kolar, ki je karate pripeljal nazaj med mlade v kraj Lo\u010de. Leta 2001 mu uspe pridobiti naziv mojster karateja 1. DAN.<\/p>\n<p style=\"text-align: center;\"><a href=\"http:\/\/karatedrustvoloce.si\/wp-content\/uploads\/2013\/07\/Zgodovina_pic_1.jpg\"><img loading=\"lazy\" decoding=\"async\" class=\"alignnone size-full wp-image-132\" src=\"http:\/\/karatedrustvoloce.si\/wp-content\/uploads\/2013\/07\/Zgodovina_pic_1.jpg\" alt=\"Zgodovina_pic_1\" width=\"649\" height=\"461\" srcset=\"http:\/\/karatedrustvoloce.si\/wp-content\/uploads\/2013\/07\/Zgodovina_pic_1.jpg 649w, http:\/\/karatedrustvoloce.si\/wp-content\/uploads\/2013\/07\/Zgodovina_pic_1-300x213.jpg 300w\" sizes=\"auto, (max-width: 649px) 100vw, 649px\" \/><\/a><\/p>\n<p>Poleg tekmovalca in pomo\u010dnika trenerju Danilu Krajncu v Lo\u010dah ponovno ustanovi karate sekcijo Lo\u010de. Karate sekcija Lo\u010de je aktivno delovala vse do leta 2005, nato pa so&nbsp; zaradi dobrega odziva \u010dlanov in vodstva sekcije, ustanovili Karate dru\u0161tvo Lo\u010de.<\/p>\n<p>Karate dru\u0161tvo Lo\u010de od ustanovitve &nbsp;zelo uspe\u0161no deluje, saj ima vpisanih 40 \u010dlanov, ki redno tekmujejo na razli\u010dnih Karate tekmovanjih v Sloveniji in tujini. So tudi \u010dlani Karate Zveze Slovenije od leta 2005.<\/p>\n<p><strong>Kaj bi odgovorili \u010dlani Karate dru\u0161tva Lo\u010de, \u010de bi jih vpra\u0161ali zakaj trenirajo karate?<\/strong><\/p>\n<p>Za njih je Karate borilna ve\u0161\u010dina, ki jih u\u010di biti \u00bbtelesno modre\u00ab, pomaga jim izbolj\u0161ati koncentracijo, u\u010di jih zbranosti, jasne usmerjenosti in odlo\u010dnosti, pomaga jim utemeljiti se v realnosti, pomaga jim izbolj\u0161ati njihovo usmerjenost v tukaj in sedaj, pove\u010dati kreativnost in sposobnost ter jih soo\u010da z lastnimi razvojnimi zmo\u017enostmi. Poleg tega pa je Karate za njih tudi tekmovalni \u0161port in rekreacija. Namen treniranja Karateja pri otrocih je predvsem telesna vzgoja, pri \u0161portnikih tekmovanje, pri odraslih pa kvaliteta \u017eivljenja. Karkoli \u017ee nekomu pomeni; Karate je vedno pot oziroma na\u010din: kako se boriti, rasti, igrati, odra\u0161\u010dati ali preprosto la\u017eje \u017eiveti.<\/p>\n<p>Da pa se v dru\u0161tvu poleg kadra, ki pripravlja tekmovalce in mlade karateiste poka\u017eejo dobri rezultati so potrebna tudi finan\u010dna sredstva. Hvala vsem, ki nam vsako leto pomagate, kot sponzorji.<\/p>\n<p>V na\u0161em dru\u0161tvu imamo radi \u0161port in \u017eelimo si \u0161e veliko lepih trenutkov, vidnih uspehov in dru\u017eenja s \u0161e ve\u010d mladimi. Na\u0161 namen je ustvariti dobre \u0161portnike v Lo\u010dah.<\/p>\n<p style=\"text-align: center;\"><strong>&nbsp;Moto v Karate dru\u0161tvu Lo\u010de je \u00bb MO\u010cNEJE HITREJE VI\u0160JE\u00ab!<\/strong><\/p>\n<p style=\"text-align: center;\"><strong>Zapisal ustanovitelj, trener in predsednik dru\u0161tva Andrej Kolar 4. DAN<\/strong><\/p>\n","protected":false},"excerpt":{"rendered":"<p>Prvi, ki je karate predstavil v Lo\u010dah je bil tedanji trener karate kluba Slovenske Konjice gospod&nbsp; Danilo Krajnc leta 1995, z namenom, da si \u0161e v karate klubu Slovenske Konjice pripelje nove \u010dlane iz Lo\u010d in okolice.&nbsp;<\/p>\n","protected":false},"author":1,"featured_media":0,"parent":0,"menu_order":3,"comment_status":"closed","ping_status":"closed","template":"","meta":{"_monsterinsights_skip_tracking":false,"_monsterinsights_sitenote_active":false,"_monsterinsights_sitenote_note":"","_monsterinsights_sitenote_category":0,"ngg_post_thumbnail":0,"footnotes":""},"class_list":["post-2","page","type-page","status-publish","hentry"],"_links":{"self":[{"href":"http:\/\/karatedrustvoloce.si\/index.php\/wp-json\/wp\/v2\/pages\/2","targetHints":{"allow":["GET"]}}],"collection":[{"href":"http:\/\/karatedrustvoloce.si\/index.php\/wp-json\/wp\/v2\/pages"}],"about":[{"href":"http:\/\/karatedrustvoloce.si\/index.php\/wp-json\/wp\/v2\/types\/page"}],"author":[{"embeddable":true,"href":"http:\/\/karatedrustvoloce.si\/index.php\/wp-json\/wp\/v2\/users\/1"}],"replies":[{"embeddable":true,"href":"http:\/\/karatedrustvoloce.si\/index.php\/wp-json\/wp\/v2\/comments?post=2"}],"version-history":[{"count":8,"href":"http:\/\/karatedrustvoloce.si\/index.php\/wp-json\/wp\/v2\/pages\/2\/revisions"}],"predecessor-version":[{"id":1344,"href":"http:\/\/karatedrustvoloce.si\/index.php\/wp-json\/wp\/v2\/pages\/2\/revisions\/1344"}],"wp:attachment":[{"href":"http:\/\/karatedrustvoloce.si\/index.php\/wp-json\/wp\/v2\/media?parent=2"}],"curies":[{"name":"wp","href":"https:\/\/api.w.org\/{rel}","templated":true}]}}